171 - 66. Calculate the greatest common factor of 70 and x.
35
Let h be 11/((-66)/(-36)) + 0. What is the highest common divisor of h and 6?
6
Suppose -4*m + 135 = 4*l - 169, -4*m = 5*l - 304. Let p(f) = 26*f + 1542. Let r be p(-52). What is the greatest common factor of r and m?
38
Let v(u) = 11*u**2 + 3*u. Let b be v(-3). Suppose d - b = -5*d. What is the highest common divisor of 60 and d?
15
Let l be 2/12 + (-110)/(-60). Suppose -l*k = -3*v - 13, 2*k + v - 25 = -0*v. Calculate the greatest common factor of k and 121.
11
Let y(l) = -1 + l + l - 13*l**2 - l. Let p be y(1). Let o = p + 38. Calculate the greatest common divisor of o and 5.
5
Suppose 3*f - 45 = -2*f. Suppose 3*u = 2*x, 0 = 7*x - 5*x - 2*u - 2. Calculate the greatest common factor of x and f.
3
Let a = -44 - -23. Let l be 12/a + 96/21. Suppose 2*p + 18 = 5*p. Calculate the highest common factor of l and p.
2
Suppose 2*p = 2*q - 12, -2*p + 3*q = -2*q - 3. Let t = 0 - p. Let h be 1/((-1)/(-10)*2/11). What is the highest common factor of h and t?
11
Suppose 0*g + 1740 = 15*g. What is the greatest common divisor of 522 and g?
58
Let a = 241 - 220. Calculate the highest common divisor of a and 9.
3
Let k(t) = 37*t**3 - 4*t + 2. Let u = -18 - -20. Let b be k(u). Calculate the greatest common factor of b and 29.
29
Suppose -3*v = -12, -q + 3*v - 14 = 40. Let h = q - -92. What is the greatest common factor of 125 and h?
25
Suppose 3*n = -n + 16. Suppose 58 = n*k - 3*c, c = 3*k + 2*c - 50. What is the highest common factor of k and 160?
16
Suppose -m - 15 = -4*m. Let b = 293 + -292. Calculate the greatest common divisor of b and m.
1
Let q be 3/6*-22 - -173. Calculate the greatest common divisor of q and 2187.
81
Suppose 34*r - 1088 = -0*r. What is the highest common factor of r and 1360?
16
Suppose -12*d + 8*d = -2*f + 1236, 3*d = -2*f + 1201. What is the greatest common divisor of f and 57?
19
Suppose 5*d = -0*d. Let b = -23 + 32. Suppose -b*s + 7*s + 50 = d. Calculate the greatest common factor of 5 and s.
5
Let d = -89 + 91. Suppose -d*v = y - 32, 2*y + 3*v - 21 = 42. What is the greatest common factor of 12 and y?
6
Let r be (-2)/(((-32)/(-12))/(-4)). Let o be 2/r*1*-30. Let z = -7 - o. What is the greatest common factor of 13 and z?
13
Let z(g) = g**3 + 5*g**2 + 2*g + 6. Let u be z(-5). Let p be (5/5)/(u/(-868)). What is the highest common factor of 31 and p?
31
Suppose 4*h = 3*h, 5*d - 3*h = 315. Let b = 10 - 6. Suppose 2*p + 2*q = -2*q + 30, -b*p = -4*q - 12. Calculate the greatest common divisor of p and d.
7
Suppose -17*o + 5*o + 18816 = 0. Calculate the highest common divisor of 98 and o.
98
Let a = 315 + -150. Suppose 5*p + 5 = 0, 4*p + a = -4*c + 5*c. What is the greatest common factor of 23 and c?
23
Suppose 5*n + 45 = 4*b, b - n + 6*n + 20 = 0. Suppose 0 = o + 4*h - 10, b*o - 34 - 32 = -4*h. What is the greatest common factor of o and 126?
14
Let o = 19 - 7. Suppose 2*t = -5*z - 0*z + o, -t + z = -6. Suppose 0 = t*b - 9*b + 30. Calculate the highest common factor of 40 and b.
10
Let o = -124 - -81. Let f = 63 + o. Let z = -62 + 122. Calculate the greatest common divisor of z and f.
20
Suppose 2*t = 3*j - 9 - 1, -6 = -j - 2*t. Calculate the highest common divisor of 112 and j.
4
Suppose 0 = -21*b + 116 + 157. Calculate the highest common divisor of 65 and b.
13
Let j be ((-36)/(-14))/(7/49). Let o = 89 - -55. Calculate the highest common divisor of o and j.
18
Suppose 12*z - 120 = 7*z. Let q = 34 - z. Let n = -12 + 37. Calculate the greatest common factor of q and n.
5
Suppose f - 2*a - 43 = 0, 73 + 162 = 5*f - 5*a. What is the highest common factor of f and 119?
17
Let r be (-1321)/(-7) + (-16)/(-56) - 0. Suppose u - 39 = -n - 2*n, 3*u - 85 = -n. Calculate the greatest common factor of u and r.
27
Suppose 3*u + 3*x = -0*x + 48, -u + 5*x + 16 = 0. Let w = 116 + -36. What is the greatest common factor of u and w?
16
Let w = 1835 - 1825. Calculate the greatest common divisor of w and 235.
5
Let l(t) = 2*t**2 - 11*t - 16. Let q(a) = a**3 + a**2 - 3*a. Let u be q(-3). Let k be l(u). What is the greatest common factor of k and 35?
35
Suppose 0 = 2*m + 4*t - 104, 3*m - 6*t = -5*t + 128. Calculate the highest common divisor of m and 33.
11
Let k be ((-4)/(-6))/(1/3). Suppose 2*t - 2 = 2*u, u + 16 = 6*u + 2*t. Let j be 146/8 - u/8. Calculate the greatest common divisor of j and k.
2
Let i = -23 + -4. Let g = i - -50. Suppose 2*x = z + 462 - 141, 0 = x - 4*z - 157. Calculate the greatest common divisor of x and g.
23
Suppose 0 = -36*s + 8592 + 1128. Calculate the greatest common divisor of 60 and s.
30
Suppose 8 = 2*m - m. Suppose -3*n = l - 2*n - 178, 2*l - 336 = 2*n. Let i = l - 85. Calculate the greatest common factor of m and i.
8
Suppose 13*m + 24*m = -28*m + 1560. Suppose z = 4*z - 15. Suppose -3*r = 2*r - z, a - 2*r = 34. Calculate the highest common factor of a and m.
12
Let f(n) = n**3 - 16*n**2 + 32*n + 5. Let s be f(14). Calculate the highest common factor of s and 2.
1
Let w(u) = -8*u**3 + 58*u**2 - 5*u - 12. Let c be w(7). Calculate the highest common divisor of c and 6.
3
Suppose -5*k + 4701 + 3599 = 0. Suppose -4*f + k + 2520 = 0. Let t be f/15 + 2/6. Calculate the greatest common factor of 14 and t.
14
Suppose 62 = 7*q - 78. Calculate the highest common factor of q and 200.
20
Suppose -2*w - 8 = -12. Suppose -24 = -w*j + 8. Suppose 0*s + 640 = 4*s. What is the greatest common divisor of j and s?
16
Let m be 6*(10/(-6) - -1). Let h = m + 31. Suppose 3*r - 30 - h = 0. Calculate the highest common factor of 19 and r.
19
Suppose 7*q - 2*q - 180 = 0. Let a be (-8)/2*(-17)/34. Suppose 4*f = a*f - b + 13, -b - 5 = 0. Calculate the highest common factor of q and f.
9
Let t(c) be the second derivative of 10*c**3/3 - 8*c**2 - 44*c. Let f be t(4). Calculate the greatest common divisor of 4 and f.
4
Suppose -4*y - 20 = 0, -3*y + 255 = -0*x + 3*x. Let m = -25 - -4. Let n be 12/m + 148/14. Calculate the highest common divisor of x and n.
10
Let i be (352/(-10))/((-4)/70). Let s be 4/(-6) + i/42. Suppose -2*z = -z - 35. What is the highest common factor of z and s?
7
Let m(g) = 28*g - 60. Let v be m(7). What is the greatest common factor of 24 and v?
8
Let v(o) = o**3 - 20*o**2 - 18*o - 21. Let i be v(21). What is the greatest common divisor of i and 462?
42
Suppose -4*n = 5*n + 135. Let j = n + 123. What is the highest common factor of j and 27?
27
Let d be ((-13588)/12)/(3 - (-10)/(-3)). What is the greatest common factor of 79 and d?
79
Let q(h) = h**2 - 6*h + 9. Let k be q(5). Let c(f) = f**2 - f - 2. Let a be c(-5). Suppose -z = -0*z - a. Calculate the highest common factor of z and k.
4
Suppose -w + 4*f + 22 = f, 5*f - 22 = -w. Suppose -w = 2*a - 62. Calculate the highest common factor of 8 and a.
4
Suppose 2*g + 11 = c, g - 6*g - 20 = -2*c. Let o be c + 0 - (-4 + 1). Let s be 189/15 - (-6)/(-10). Calculate the highest common factor of s and o.
6
Let y = -12 - -15. Suppose -5*r = -2*b + 17, 8*b - 4*b + 1 = y*r. Let u be (-12)/r*(-4 + 79). Calculate the highest common factor of 20 and u.
20
Let f(x) = 40*x - 11 + 4 + 3*x. Let s be f(1). What is the greatest common divisor of 54 and s?
18
Let t be 2*(-48)/30*225/(-5). What is the greatest common factor of 192 and t?
48
Suppose 24*b - 1120 = 8*b. What is the highest common divisor of 98 and b?
14
Let g be -2*12/30*(-1965)/12. Suppose -5*t + c + g = -c, 2*c = -3*t + 85. Calculate the highest common divisor of 135 and t.
27
Let g = -1451 + 1491. Calculate the greatest common divisor of 32 and g.
8
Let w = -93 + 95. Calculate the greatest common divisor of 16 and w.
2
Let w = -500 - -506. Calculate the highest common factor of w and 38.
2
Let o(m) = m**3 - 8*m**2 - 9*m + 2. Let c be o(9). Suppose c*t - t = 133. Calculate the highest common divisor of 19 and t.
19
Suppose 66*k - 71*k = -135. Calculate the greatest common factor of 1 and k.
1
Let l(f) = f**2 + 7*f + 7. Let v be l(-7). Let r be (v + -6)*0 + (44 - 0). What is the highest common factor of 11 and r?
11
Let u(z) = z**2 + 5*z - 7. Suppose -5*s - 17 = 13. Let r be u(s). Let f be 22 + -6 - 0/r. What is the highest common divisor of f and 8?
8
Let n be (-32)/(-12)*(-5 + 2). Let r = -6 + n. Let i = -11 - r. What is the highest common divisor of i and 15?
3
Let n be -4*(11